 4 - -18).
-16
(3 - -5 - 22) + (-3 + 11 - 9)
-15
What is 2 + -13 + (-4 - (-14 - -15))?
-16
Evaluate (-9 - (1 - -6)) + 22.
6
What is 8 - (24 + (9 - 14)) - (7 + 0)?
-18
What is 38 + (-44 - (-40 + -6))?
40
-5 + -1 + (-149 + 83 - -63)
-9
What is the value of (-3 - (-14 - -3) - 17) + (-6 - -8)?
-7
(1 - 1) + 1 + 18 + -7 + -27
-15
Calculate 0 + -1 + (-21 - (-4 + -29)).
11
9 + 6 + -30 + 31
16
What is the value of 22 - 15 - (0 - (-7 - (4 + -6)))?
2
What is the value of 33 + (-3 - (-1 + -3)) + -6 + -3?
25
Calculate 2 + 3 + -1 + (2 - 5) + -13.
-12
What is -11 - (-22 - -4) - (-2 + 11)?
-2
Calculate 11 + 0 + 2 + 2 + -8.
7
What is the value of 94 + -80 + (-10 - -20)?
24
Calculate -13 + 13 + 9 + -11.
-2
What is 2 - (8 - (2 + -7 + (-4 - -12)))?
-3
What is -32 + (10 - ((-5 - -20) + -3 + -6))?
-28
Evaluate 13 + -18 + 13 - 0.
8
What is (-51 + 26 - -33) + -28?
-20
What is the value of (2 - 2) + -2 - ((-4 - -25) + -18)?
-5
Evaluate -4 - (2 - 21 - -24).
-9
Evaluate (-8 - -2) + (96 - 92) - (0 - 14).
12
Calculate (20 - (-4 + 17)) + -17 + -15.
-25
Calculate 7 - (-1 - 0 - (219 - 191)).
36
1 - (-4 + 1) - (27 - 26)
3
Calculate (0 - -5) + 20 + -4 + -11.
10
What is (-3 - 38 - -4) + 3 - (159 + -165)?
-28
Evaluate 9 + (-7 - (-5 + 1)) + -4 + -4.
-2
Evaluate 125 + -120 - (-14 + 1).
18
Evaluate 7 + (0 - 2) - (-16 + (1 - -9)).
11
What is 6 + (-14 + 1 - -6) + 18 - 3?
14
2 + 7 + -40 - (4 + -11) - -3
-21
Calculate -43 + (-18 - -23 - -17).
-21
Calculate (0 - -28) + (8 + (10 - 18) - 4).
24
Calculate 30 + -2 + (20 + -59 - -38).
27
Calculate 16 + -10 + -12 - -2.
-4
Calculate 7 - -1 - (83 - 72).
-3
What is the value of -2 + 0 + (-55 - -47)?
-10
-23 + 4 + 9 + 20
10
(21 + -17 - (1 + 5)) + 26
24
Calculate -23 - -7 - (0 - -3 - 7).
-12
Calculate -13 - (-10 + 9 - (3 - 2)) - -4.
-7
Calculate -6 - (-3 + (-3 - -5) - 0).
-5
What is 0 + 4 - 17 - (31 + -24 - 10)?
-10
What is the value of 18 + (7 - 8 - 9)?
8
Calculate (-1 - 11) + 765 + -742.
11
What is the value of -37 - (12 + -9 + -13) - -11?
-16
11 + (-8 - 2) - 19
-18
(-15 - (-4 + 1 - -4)) + 68 + -64
-12
What is 8 - (12 - 6) - (-6 + 1)?
7
Evaluate (2 - (1 - -1)) + (0 - -1) + 0.
1
Evaluate (9 - 4 - 9) + (-11 - -5).
-10
3 + -7 + (0 - -1) + -2 + 8
3
11 + -4 - 8 - -4 - (5 + 0)
-2
Evaluate 13 - (0 + -11 + 13 - -13).
-2
Evaluate (10 - 15) + -3 + -1 - (2 + -3).
-8
What is the value of -9 - -9 - ((-5 - -11) + -8)?
2
(-8 - -9) + 3 + 7 + -6
5
What is the value of 5 + (-1 - (0 - 4)) - (-30 + 18)?
20
Calculate -5 - (12 + -13 + 5).
-9
Calculate 6 - ((19 - 7) + 3 - -11).
-20
Evaluate 23 + 11 + (-11 - (4 + -5)).
24
Calculate 4 + 1 - (-8 + 4 + 6 + 0).
3
Evaluate 11 - (2 + -13 - (-70 + 60)).
12
What is the value of -2 + -9 + 4 + (0 - 6)?
-13
Calculate 38 + 3 - (0 + (-6 - -24)).
23
47 - (37 + (-39 - -24))
25
4 + -1 + -3 + (41 - 38) + -19
-16
(8 - 21) + -22 + 17 + -6
-24
(-2 - 15) + (1 - 6) + (-66 - -71)
-17
Calculate (3 + -13 - 5) + 9.
-6
Evaluate (2 + -16 - -5) + 22.
13
What is (20 - (7 + 0 - -2)) + 17 + -11?
17
Evaluate 81 + -150 + 64 - (0 + -17).
12
2 + (-15 - (-6 + (15 - (0 - -7))))
-15
What is the value of 68 + -61 - 33 - (-9 + -1)?
-16
-3 + 13 - 4 - (-49 - -35)
20
What is (-6 - 4) + 5 + -3 + 26?
18
What is 22 + -1 + (-3 - (7 + -5))?
16
What is 5 - (23 + (-23 - -8))?
-3
What is the value of -7 - (10 - (-3 + 8)) - -1?
-11
What is the value of -7 + 19 - ((4 - 18) + 7)?
19
(-9 - (-25 - -14)) + -13
-11
Evaluate (304 - 306) + 1 + 2 + 2.
3
(34 - (59 + -33)) + 25
33
13 - 1 - (64 - 47) - -11
6
What is the value of -4 - (-10 - 5) - ((2 - 6) + 13)?
2
-6 + -9 - -5 - (35 - 40)
-5
What is the value of -36 + 26 + (3 - 9 - -34)?
18
Calculate -1406 - -1405 - (-1 - -34).
-34
2 + (42 + -37 - (6 + -1)) - 7
-5
Evaluate (-8 - (-6 + 1 + 2)) + -7.
-12
Calculate (2 - (-26 + 32)) + -3.
-7
What is the value of (9 - (-4 - (-11 + 4))) + -9?
-3
What is (14 - 11) + (-10 - -2)?
-5
What is the value of 15 + -26 + (-1 - -4)?
-8
Calculate -6 - -57 - (0 + -1) - 19.
33
What is -5 + -1 + 7 + (1 - 13)?
-11
19 + 7 + 0 + -7 + -6
13
Evaluate (7 - (2 - 1 - 0)) + 131 + -152.
-15
What is the value of -370 + 377 - (11 - (-4 - -2))?
-6
Evaluate (3 - 2) + 1 + (-2 - (-3 - -2)).
1
What is -60 + 71 - (4 - -7 - (4 - 1))?
3
Calculate -29 + (11 - -11) - (-16 - (-4 - -2)).
7
Calculate (-1 - 2) + (-1 + 2 + 5 - 14).
-11
What is the value of 7 - (5 - 3 - 0)?
5
What is the value of (1 - 13 - -15) + 3?
6
What is the value of -7 + 0 - (14 + -9 + -20)?
8
What is -15 - (-16 + (-22 - -42))?
-19
(-5 - (0 + 5)) + 12 + -7 - 1
-6
Calculate (5 + (-2 - (5 - 8)) - 0) + 21.
27
What is 2 + (0 - 1 - 4) - (-1 - 5)?
3
-13 - -5 - ((-4 - 6) + 9)
-7
Calculate (1 + -17 - -11) + 2 + 6 + 0.
3
Calculate -10 + (33 - -1) - 22.
2
-28 - -5 - (3 + -4 + -17)
-5
Calculate -1 - (6 - (15 - (4 - (8 - 9)))).
3
What is 2 + (-10 - (-1 - -1)) + 5 - -12?
9
What is (-1 - -17 - 35) + 24?
5
What is the value of -17 + 5 + (-11 - (5 + -17))?
-11
What is the value of 7 - ((-21 - -40) + -12)?
0
What is the value of (18 - 10) + (-5 - 3)?
0
Evaluate (2 - 2) + 3 - (-524 - -533).
-6
Calculate -14 + (6 + 1 - 13).
-20
-3 + 35 - (-108 - -128)
12
What is the value of -9 + 9 + -6 + 9 - 3?
0
Evaluate 5 + (-11 + 4 - (-8 + -6)).
12
Calculate -9 + (16 - 0) + -15 + 5.
-3
Evaluate 5 + -1 + 8 + -11 + 2 + -10.
-7
Evaluate 4 + 0 + -5 + 8 + -3.
4
Evaluate -7 + 1 + (20 - (12 + 2)).
0
What is -1 - (0 + -6 + (12 - (1 - -8)))?
2
Evaluate (-17 - (-15 + 3)) + 16.
11
-14 - (0 - 2) - (19 + -38 - -15)
-8
Calculate 2 + -34 + -2 + 4.
-30
What is -4 - (-6 - (0 + 0 - 5))?
-3
What is -36 - -31 - (4 + -12 + 1)?
2
Evaluate (-2 - 1) + (-14 - -17) + 2.
2
(-84 - -73) + 6 + 23
18
What is the value of (2 + -7 - 1) + -59 + 57 - -1?
-7
What is the value of -7 + (-3 + 20 - (2 - (-3 - 1)))?
4
Evaluate 5 + (-1 - (3 + 4 + -1)).
-2
Calculate -6 + 0 + 17 + -19.
-8
(-4 - (-4 - 22)) + -8 + -26
-12
Evaluate -19 - 1 - ((155 - 154) + 1 + -1).
-21
Evaluate (24 - 49 - 5) + (4 - (2 + -4)).
-24
What is -17 + 24 + 6 + -24?
-11
-1 + 11 + (-90 - -67)
-13
What is -20 + (20 + -15 - -4)?
-11
What is -2 - -6 - (10 + -15 + 2)?
7
-6 + -5 + 1 + -15 + 27
2
What is the value of (-2 - (13 + -24)) + (-13 - 17)?
-21
Evaluate (6 - (12 - 6 - 4)) + -2.
2
What is 11 - (-5 - -1 - (-1 + (-7 - -8)))?
15
16 + -1 + -16 + (2 - 14)
-13
Evaluate -15 + 29 + (-2 - 8).
4
What is 22 + -59 - (0 - 72)?
35
What is the value of -5 + -20 + 23 + 1 + 13?
12
What is the value of 12 + (-9 - (15 + -8)) + -15?
-19
What is 8 - (1 + 0 + 6) - (14 - -15)?
-28
What is (-1 - -10 - 20) + (28 - 29)?
-12
(-38 + 51 - (-4 - 6)) + -7 + -4
12
Calculate (45 - 44 - (1 + 1 + -4)) + 4.
7
Calculate 3 - (-18 - (7 + -20)).
8
What is the value of -15 - (-5 + -16 + -17)?
23
Evaluate -5 + -1 + 8 - 11.
-9
Evaluate (-11 - -3) + 7 + -1.
-2
Calculate (2 - ((3 - 27) + 14)) + -21.
-9
(-1 + -1 - -21) + (-11 - (-30 + 25))
13
What is the value of -68 + 59 + 4 - (-1 + 1 + -6)?
1
1 + -14 + 5 + -2 + 4 - -21
15
Calculate -7 - (118 - 118 - (20 - (-2 - -2))).
13
Calculate 7 - (26 + -26 + -2 + 8 + 0).
1
What is the value of (-165 - -146) + 5 + 2?
-12
What is the value of (-9 - -23) + -15 - (-7 + 1 + -1)?
6
-3 + -5 + 35 - 11 - 6
10
What is the value of -12 - (-17 + 6 + 2)?
-3
Calculate (0 - -9) + (-182 - -181).
8
What is the value of 1 - ((75 - 72) + (12 - 1))?
-13
What is 5 + 2 + -8 - (-1 + 18 + -8)?
-10
Calculate 39 - 45 - 37 - (-17 - -2).
-28
What is (-3 + -11 - (-23 + 1)) + -1 + 1?
8
What is 37 + (-27 - -10) - 11?
9
6 + (-9 - -8) + (2 - 5)
2
Evaluate -16 - 3 - (-31 - -41).
-29
What is the value of -4 + (4 + -3 - -16) - -7?
20
What is (1 - (-17 - -18)) + -19 - (0 - 0)?
-19
What is the value of -8 - ((-5 - (-5 + -6)) + -15 + 3)?
-2
3 + -2 + -9 - ((12 - -7) + -15)
-12
Calculate -8 + (-16 - -10 - -41).
27
What is (-2 - 42) + 331 + -306?
-19
23 - 6 - (-20 + 35)
2
What is (-3 + 0 - (3 + -7)) + 9 + -16?
-6
What is -19 - -2 - (58 - (32 - -34))?
-9
What is 5 + 9 + -11 + -1 + (4 - 0)?
6
Calculate -9 - (8 + (-5 - -2 - -1)).
-15
Evaluate -58 + 68 - (-1 - 0 - 2).
13
What is -40 - -3 - (0 + -5)?
-32
Evaluate 28 - (7 - -15 - 13) - (4 + 0).
15
Calculate (101 + -151 - -46) + 33 + 0.
29
Calculate 4 - (1 + 17 + (12 - 5)).
-21
Calculate 19 + 3 + -1 + 10 + 120 + -124.
27
0 + -4 + 20 + -21 + 3
-2
Calculate -27 + 18 - (-19 - -15).
-5
What is the value of 21 + 24 + -9 + -72?
-36
What is the value of -5 - (-5 + 9 